9))/((-1)/27). Let m = 38 + q. What is the tens digit of m?
2
What is the thousands digit of (-217225)/(-125) - 2/(-10)?
1
Suppose -21*o = -24*o + 21. Let g(x) = -6*x**3 + 10*x**2 - 8. Let w(q) = -5*q**3 + 9*q**2 + q - 8. Let s(i) = 4*g(i) - 5*w(i). What is the tens digit of s(o)?
7
Let q = -216 + 606. What is the units digit of q?
0
Let r be (-13)/13 - (-12 - -1). Let h be 4/18 - r/45. Suppose h = 4*g - 3*u - 63 - 89, -2*u = -8. What is the tens digit of g?
4
Let h be (-777)/(-12)*(5 - 1). Suppose -5*a = 2*i + 65 - 186, 5*i - 2*a - h = 0. What is the tens digit of i?
5
Suppose 0 = b - 4*z - 797, b + 3*z = 8*z + 800. What is the units digit of b?
5
Suppose 57 = 5*t - 2*s, -4*s = -5*t + 19 + 30. Suppose 0*q + 17 = m + 5*q, 3*q = -2*m + t. Suppose -2 = -m*i + 4. What is the units digit of i?
3
Suppose 0 = -4*n - 5*n + 3114. What is the units digit of n?
6
Suppose -q + 0*q - 1213 = -2*t, -4*t = -3*q - 2427. What is the units digit of t?
6
Let h be (-16)/20*(-1795)/2. Suppose -4*u + 2*j + 1428 = 6*j, -3*j = 2*u - h. What is the hundreds digit of u?
3
Suppose -5*k - 5*r + 1467 + 2323 = 0, -4*r - 3056 = -4*k. What is the tens digit of k?
6
Let y(v) = -50*v**3 - 5*v. Suppose -3*o - 39 = -5*b, o = -o + 3*b - 25. Let u(w) = 75*w**3 + 8*w. Let q(i) = o*y(i) - 5*u(i). What is the units digit of q(1)?
5
Let g(c) = -79*c**3 + 2*c + 1. Let v be g(-1). Suppose -3*i - v = -5*i. What is the units digit of i?
9
Suppose 0 = 4*j - 4*q + 104 - 440, -252 = -3*j + q. What is the units digit of 1*(-142)/(-8) + 21/j?
8
Let h(o) = -15*o + 34. Let w be h(8). Let s = -26 - w. What is the units digit of s?
0
Let f = 151 + -66. Let v = f + 8. What is the units digit of v?
3
What is the units digit of -1*13/(52/(-376))?
4
Suppose h - 5*h = -1444. What is the units digit of h?
1
Let q(m) be the second derivative of m**7/2520 - m**6/360 + m**5/24 - 7*m**4/6 + 9*m. Let h(l) be the third derivative of q(l). What is the tens digit of h(7)?
4
Let b = -1486 - -2861. What is the units digit of b?
5
Suppose 22*r - 1365 = 17*r. Suppose -y + 5*y = 2*w + 364, 5*w = -3*y + r. What is the units digit of y?
1
Suppose 0 = 3*i - 6, -2*o + 22*i - 17*i = -1506. What is the units digit of o?
8
Suppose -145 = 2*v - 7*v. Suppose -5*d + v = 2*o, 0 = d - 4*d - 3. Let r = o + -15. What is the units digit of r?
2
Suppose 152 = 209*i - 207*i. What is the units digit of i?
6
Suppose -44*m = -41*m - 411. Let v = -67 + m. What is the units digit of v?
0
Let l(a) = -a**3 + 26*a**2 - 12*a - 37. What is the hundreds digit of l(15)?
2
Let w(b) = -24 - 16 + 34 + 115*b. What is the units digit of w(1)?
9
What is the tens digit of 17932/8 + 3/(-2)?
4
Suppose 0 = 5*d - 97 - 8. Let w = 10 - d. Let m(s) = -s - 6. What is the units digit of m(w)?
5
Let n(m) = -59*m - 12. Let c be n(22). What is the hundreds digit of c/(-7) + 12/(-84)?
1
Let y(f) be the first derivative of 2*f**3 - f**2 - 3*f + 13. What is the tens digit of y(-3)?
5
Let u = 345 - -451. Suppose -13*m + u = -9*m. What is the units digit of m?
9
Suppose 5 = 5*w - 0*w. What is the hundreds digit of -1*(w + 1) + 963/9?
1
Suppose -247*d = -186*d - 187819. What is the thousands digit of d?
3
Let n(s) = -6 - 10 - 10 - 2*s + 9. What is the units digit of n(-16)?
5
Let z be (17 + -10)*60/14. Suppose -48 = -4*f + 4*b, -2*b - b = 3*f - z. What is the tens digit of f/(-2)*2/(-1)?
1
What is the tens digit of -4*(-5 + (-16530)/24)?
7
Let r be (-1)/(72/75 + -1). Suppose -4*d = -9*d + r. Suppose d*t = 31 - 1. What is the units digit of t?
6
Let i be (-4)/22 + 20/110. Suppose -2*j - j + 129 = i. What is the tens digit of j?
4
Let p(j) = 6*j**2 + 13*j + 4. Let y be p(-8). Let d = -139 + y. What is the units digit of d?
5
Suppose -7*z = -0 + 7. Let o be 0 - z - (-7 + 6). Suppose 5*h - 217 = -o. What is the units digit of h?
3
Let v = 5 - 22. Let m = v - -10. What is the units digit of 3 + m/((-21)/(-6))?
1
What is the tens digit of 4 + (-12 - -5) + 571?
6
Let y(q) be the first derivative of -q**4/4 + q**2/2 + 80*q + 6. Let l be y(0). Suppose -3*m = -m - l. What is the units digit of m?
0
What is the units digit of 10 - 57/(-2) - (-2)/(-4)?
8
Suppose 0 = 5*k - 8172 - 2233. What is the tens digit of k?
8
Suppose -3*a - 3*f + 516 = -0*a, a = -3*f + 166. What is the tens digit of a?
7
Let l = 30 + -43. Let i = 21 + l. Suppose i = -r + 28. What is the units digit of r?
0
Let s(a) = -41*a + 14*a**2 - 42*a + a**3 + 98*a - 13. What is the tens digit of s(-12)?
9
Suppose 4*o - 2134 = 1726. What is the tens digit of o?
6
Let t(i) = 19*i**2 - 3*i + 1. Let q be t(1). Let v = -17 + q. What is the units digit of 0 + 46 + 3 + v?
9
Let r(p) = -p**2 + 2*p - 22. Let a be r(0). Let c be (-4)/a + (-1845)/165. Let b(w) = -w**2 - 13*w - 6. What is the tens digit of b(c)?
1
Let x = 43 - 41. Let o = 42 - x. What is the tens digit of o?
4
What is the units digit of (-1250)/(-4) - ((-225)/10)/9?
5
Let h be (-260)/22 - 14/77. Let i be h/(-54) - 58/18. What is the units digit of (-4 - i)/(-3 - -2)?
1
Suppose -19008 - 15348 = -14*s. What is the thousands digit of s?
2
Suppose 2*c = -4*h + 2154 + 2636, -2*h + 2392 = -2*c. What is the tens digit of h?
9
Let r(p) = -p**2 - p + 2. Let h be r(-4). What is the units digit of 8/(-20) - 44/h?
4
What is the units digit of (-6 - 36/6)*(-6)/8?
9
Let x = 626 - 116. What is the units digit of x?
0
Let x = 7 + -7. Suppose -3*m = -g + 19, -3*m - g - 29 = -x*g. Let n = m - -10. What is the units digit of n?
2
Let i(f) = 230*f**3 - f. Let h be i(1). Let p = -138 + h. What is the units digit of p?
1
Let q be (-1 - 2 - (-1 - -1)) + 44. Suppose 11 = z - q. What is the units digit of z?
2
Suppose -4*j - 12 - 92 = 0. Let w = j + 33. Suppose -160 = -w*f + 3*f. What is the units digit of f?
0
Let s be 4/(-2) + 426 - 2. Suppose -4*z + 5*p + s = 0, -5*p - 98 = -0*z - z. Let c = z - 74. What is the units digit of c?
4
What is the units digit of 2627 + (-4 - (-9 - 2))?
4
Suppose -128 = 2*t + 4*d - 790, 0 = d + 2. Let q = t - 182. What is the tens digit of q?
5
Suppose -827 = 2*i - 1081. What is the tens digit of i?
2
Let m = -319 - -624. What is the hundreds digit of m?
3
Let s(z) = z**2 - 8*z - 9. Let y be s(8). Let i = -6 - y. Suppose a - 5*m - 2 + 9 = 0, 3*m = i*a - 27. What is the units digit of a?
3
Let y be -4*(-2)/8 + (3 - 1). Suppose 2*b = y*b + 4*t - 30, 105 = 2*b - t. What is the units digit of b?
0
Let t(d) = -6*d**2 + 7*d + 9. Let o be t(-4). Let h = o + 61. Let n = 4 - h. What is the tens digit of n?
5
Suppose 2*g + 0*g - 34 = 0. Suppose -g = 6*j + 13. Let q = j - -10. What is the units digit of q?
5
Let j be (-15 - 1)*(-15)/4. Let m be ((-1)/(-4))/(3/j). Let z(a) = 9*a + 2. What is the units digit of z(m)?
7
Let g = 1690 + -1580. What is the tens digit of g?
1
Suppose 2 = -2*t + 6. Let y be (-3)/3*(t + 1). What is the tens digit of y + 5 + 21*1?
2
Let d(a) = 4*a**2 + 13*a. What is the units digit of d(6)?
2
Suppose 0 = 2*m + a + 6, 0 = 10*m - 7*m - 3*a + 9. Let w = m + 75. What is the units digit of w?
2
Suppose 3*u = -u - 180. Let w = 9 - 14. What is the tens digit of ((-1314)/u)/((-2)/w)?
7
Let b be ((-133 - -2)*1)/(1 + 0). Let l = 217 + b. What is the tens digit of l?
8
Suppose -3*s - 68 = s. Let f = 3 - s. Suppose 3*g = f - 5. What is the units digit of g?
5
Suppose -2*y + 3*y = 75. What is the units digit of 100/y + (-394)/(-6)?
7
Let i = 1548 - 542. What is the thousands digit of i?
1
Let q = 929 - 605. What is the hundreds digit of q?
3
Let z(o) = o**3 - 4*o**2 - 8*o - 3. Suppose -6*q + 29 + 7 = 0. What is the units digit of z(q)?
1
Let g be (1 - 19)/3 + 4/(-2). What is the units digit of (94/g)/((-777)/(-112) - 7)?
8
Suppose 13*c + 240 = 28*c. What is the units digit of c?
6
Let t be (272/20)/(3*(-2)/(-15)). Suppose -t*i = -36*i + 136. What is the units digit of i?
8
Suppose -3*c - 4*o - 63 = -o, 0 = 5*c - 3*o + 113. Suppose 3*i = v - 28, -7*v + i = -3*v - 156. Let z = c + v. What is the tens digit of z?
1
Let l = -13 + 15. Suppose p - 6 = -l*p. Suppose o - 50 = -4*i + 35, 3*i - p*o = 50. What is the units digit of i?
0
Let k = 2410 - 1582. Suppose 0 = -4*q + k - 140. Let w = q - 123. What is the tens digit of w?
4
Suppose -4*t - 2235 = -9*t. What is the units digit of t?
7
Let n(t) = -t**3 - 15*t**2 - 15*t - 11. Let d be n(-14). What is the units